ine w(0).
5
Let z(b) = 2*b**3 + 37*b**2 - 294*b + 610. Determine z(-25).
-165
Let o(w) = 19*w**2 + 1236*w + 74. Calculate o(-65).
9
Let a(f) = 4511*f - 221106. What is a(49)?
-67
Let m(q) = -q**2 + 78*q + 2055. Calculate m(93).
660
Let n(p) = 4*p**2 + 160*p - 65. Give n(0).
-65
Let s(x) = 825*x**2 + 458*x - 459. What is s(1)?
824
Let z(d) = 7*d**3 - 1699*d**2 - 470*d - 3874. Give z(243).
14
Let x(k) = -k**3 + 109*k**2 - 1755*k - 24. Calculate x(20).
476
Let p(m) = m**2 - 6509*m + 97127. Calculate p(15).
-283
Let k(i) = -17*i**3 + 13*i**2 + 7*i - 6. Determine k(-3).
549
Let o(u) = 84*u**2 - 2428*u - 16. Calculate o(29).
216
Let o(x) = -x**2 + 12*x + 2998. Determine o(39).
1945
Let v(k) = 7180*k + 244187. What is v(-34)?
67
Let t(c) = -37*c**2 + 2367*c - 46. Calculate t(64).
-110
Let i(g) = 2547*g + 211418. Calculate i(-83).
17
Let v(j) = j**3 + 15*j**2 + 44*j + 57. Give v(-15).
-603
Let h(w) = 6*w**2 - 2434*w - 82140. Give h(437).
16
Let t(x) = -2*x**2 + 1901*x - 230935. Determine t(143).
10
Let a(q) = -q**3 - 44*q**2 + 115*q + 5379. Calculate a(-44).
319
Let u(k) = -k**3 - 114*k**2 - 1159*k + 109. Determine u(-103).
2787
Let s(q) = -q**2 + 103*q - 3142. Determine s(55).
-502
Let d(w) = 48*w**3 + 425*w**2 - 1125*w + 93. Calculate d(-11).
5
Let f(u) = u**3 + 106*u**2 - 9865*u - 1045698. Determine f(-106).
-8
Let g(x) = -6*x**2 - 1343*x + 3460. What is g(-226)?
522
Let z(y) = 20750*y - 518743. Calculate z(25).
7
Let x(i) = 77*i**2 + 360*i - 134. Give x(-5).
-9
Let c(r) = 3572*r**2 + 17884*r - 5. Determine c(-5).
-125
Let l(y) = y**3 - 61*y**2 + 51*y + 502. What is l(60)?
-38
Let b(q) = 12*q**2 + 570*q + 6410. Give b(-30).
110
Let z(t) = 5*t**3 - 25*t**2 - 166*t + 826. Determine z(5).
-4
Let k(z) = -z**3 - 53*z**2 - 530*z - 12. Determine k(-13).
118
Let y(g) = g**3 + 76*g**2 + 1118*g - 147. Determine y(-56).
-35
Let u(j) = 96*j**3 + 4*j**2 + 131*j - 269. Determine u(2).
777
Let z(y) = y**3 - 196*y**2 + 13*y - 2054. What is z(196)?
494
Let u(w) = -4613*w + 175336. Give u(38).
42
Let z(h) = h**2 - 96*h + 697. Give z(83).
-382
Let h(x) = -1230*x - 230009. Calculate h(-187).
1
Let s(l) = -5348*l - 374360. Determine s(-70).
0
Let m(w) = w**3 + 36*w**2 + 1488*w + 31942. Calculate m(-26).
14
Let m(h) = -3*h**2 - 3828*h + 26948. What is m(7)?
5
Let c(u) = 33006*u + 495033. Give c(-15).
-57
Let t(q) = -q**3 - 34595*q**2 + 484529*q - 48. Determine t(14).
-6
Let f(g) = g**3 - 102*g**2 + 12*g - 1481. Determine f(102).
-257
Let f(z) = -12407*z - 11885913. Determine f(-958).
-7
Let r(y) = -y**3 - 529*y**2 + 644*y + 60424. Determine r(-530).
4
Let z(q) = -1225*q + 4090. Give z(0).
4090
Let m(h) = 85*h - 1865. What is m(4)?
-1525
Let j(b) = 283*b - 58072. Determine j(207).
509
Let a(n) = -2*n**3 + 21*n**2 + 538*n - 5479. Give a(10).
1
Let l(j) = 2*j**2 - 14016*j + 2298240. Calculate l(168).
0
Let b(d) = d**3 - 249*d**2 - 1792*d - 552. Calculate b(256).
-552
Let y(b) = -36927*b - 25701182. Calculate y(-696).
10
Let l(f) = 42949*f + 601585. What is l(-14)?
299
Let l(v) = -v**3 - 99*v**2 - 161*v + 1909. Give l(-97).
-1292
Let s(d) = 75*d**3 + 5559*d**2 - 5561*d. Give s(1).
73
Let p(x) = 4439*x**2 - 7985760*x - 1788. Determine p(1799).
11
Let a(c) = 69*c**3 - 25*c**2 - 112*c - 89. Give a(-1).
-71
Let n(u) = 56797*u + 34. Calculate n(0).
34
Let y(n) = 525*n**2 + 1484*n + 1484. What is y(-1)?
525
Let j(m) = 2782*m + 831852. Calculate j(-299).
34
Let l(d) = -d**3 + 76*d**2 - 423*d + 38151. What is l(77)?
-349
Let u(x) = x**3 - 58*x**2 + 471*x - 1491. What is u(49)?
-21
Let y(f) = -7546*f + 769780. Calculate y(102).
88
Let w(c) = 2*c**3 + 5*c**2 - 217*c - 10. Determine w(10).
320
Let y(a) = 720*a + 38156. Determine y(-53).
-4
Let m(n) = -2*n**3 - 486*n**2 + 969*n - 2466. What is m(-245)?
229
Let s(z) = 3*z**3 + 24*z**2 + 34*z + 60. What is s(-7)?
-31
Let u(d) = -53*d + 31. Determine u(-2).
137
Let j(r) = -1540*r + 15324. Give j(10).
-76
Let h(s) = -s**3 - 4*s**2 - 80*s - 3094. What is h(-14)?
-14
Let s(j) = -6*j**3 - 247*j**2 + 98*j - 4733. Determine s(-42).
-29
Let d(i) = -i**3 - 35*i**2 + 534*i + 1219. Give d(-46).
-69
Let c(h) = -639*h + 169796. Calculate c(265).
461
Let u(a) = 5*a**2 - 419*a + 9057. Give u(46).
363
Let d(x) = -11*x**2 - 11*x + 43. Calculate d(11).
-1409
Let m(r) = 3*r**2 - 3383*r + 114711. Determine m(35).
-19
Let z(k) = 29947*k + 2904866. Give z(-97).
7
Let j(t) = -9*t**2 - 1696*t - 12935. Determine j(-8).
57
Let c(n) = 2*n**3 + 17*n**2 - 21*n - 83. Determine c(-9).
25
Let x(h) = -6956*h - 7442929. Calculate x(-1070).
-9
Let g(h) = 43231*h + 2248027. Determine g(-52).
15
Let v(n) = -3*n**2 - 512*n - 6486. Determine v(-157).
-49
Let d(s) = 1318*s - 38215. What is d(29)?
7
Let j(x) = -8375*x + 93529. Give j(11).
1404
Let o(f) = 170*f**2 - 625*f + 351. Calculate o(3).
6
Let z(o) = 1630*o**2 + 6631*o + 455. Calculate z(-4).
11
Let w(x) = x**3 - 49*x**2 - 310*x + 7129. Give w(53).
1935
Let l(k) = k**2 + 47*k - 230331. Give l(457).
-3
Let t(b) = -b**3 + 178*b**2 - 1013*b - 186795. Determine t(165).
-15
Let k(m) = 353*m**3 - 98*m**2 - 202*m - 15. Give k(-2).
-2827
Let f(j) = -2*j**2 + 567*j + 1742. Give f(-3).
23
Let o(w) = w**3 - 632*w**2 - 2022*w + 74287. Calculate o(635).
-8
Let c(s) = -6*s**3 - 54*s**2 + 22*s - 276. Determine c(-10).
104
Let g(p) = -2*p**2 - 24860*p + 4. What is g(0)?
4
Let y(d) = d**3 + 3*d**2 - 652*d + 1. Give y(0).
1
Let z(v) = -2*v**3 + 36*v**2 - 240*v + 4369. Calculate z(18).
49
Let z(m) = -5469*m**2 + 87468*m + 603. Calculate z(16).
27
Let s(j) = -318*j**2 - 268*j - 804. Calculate s(-3).
-2862
Let c(j) = 432245*j - 4. What is c(0)?
-4
Let h(d) = d**3 + 136*d**2 + 888*d - 2000. Give h(-129).
-65
Let d(g) = -g**2 + 8049*g + 56427. Give d(-7).
35
Let t(n) = -4*n**2 - 71*n + 3657. Give t(22).
159
Let z(j) = -19*j + 450. Give z(48).
-462
Let l(g) = -1526*g + 94619. Determine l(62).
7
Let o(q) = q**2 + 939*q - 19175. Give o(20).
5
Let i(w) = -110*w**3 + 4*w**2 + 8*w + 8. Give i(-2).
888
Let k(u) = 1872*u + 39068. What is k(-21)?
-244
Let p(v) = 741*v - 5385. Give p(6).
-939
Let h(u) = -u**3 + 17*u**2 + 390*u - 6402. Give h(17).
228
Let x(a) = -6484*a - 596521. What is x(-92)?
7
Let d(j) = -613*j**2 - 62545*j - 1930. Determine d(-102).
8
Let s(i) = -i**3 - 1338*i**2 - 9473*i - 207643. Calculate s(-1331).
-7
Let p(v) = 10397*v + 447136. Calculate p(-43).
65
Let p(n) = -2*n**2 - 2647*n + 233541. Determine p(83).
62
Let q(p) = -2*p**3 - 24*p**2 + 279*p - 65. What is q(0)?
-65
Let m(i) = 56*i**2 + 557*i + 241. Calculate m(-9).
-236
Let t(q) = q**2 + 97*q - 871. Determine t(-106).
83
Let i(c) = c**3 + 13*c**2 - 20*c - 581. Calculate i(-15).
-731
Let c(y) = y**2 + 223*y - 18324. Determine c(-275).
-4024
Let x(v) = 6*v**3 + 21*v**2 + 1122*v + 4537. Calculate x(-4).
1
Let b(a) = 3*a**2 + 306*a - 6421. Give b(-120).
59
Let t(v) = -211*v + 6808. Give t(32).
56
Let y(p) = p**3 - 42*p**2 + 165*p + 785. Give y(8).
-71
Let k(g) = 14*g**2 + 1570*g + 642. Determine k(-111).
-1134
Let r(z) = 164*z**2 - 1097*z - 38. Give r(6).
-716
Let l(z) = -120*z - 799. Give l(-9).
281
Let d(l) = -2*l**2 - 755*l + 32489. Calculate d(42).
-2749
Let d(i) = 110900*i + 443171. Determine d(-4).
-429
Let p(s) = -1153*s - 13123. Give p(-12).
713
Let l(j) = -2*j**3 + 9*j**2 + 31*j - 94. What is l(-10)?
2496
Let x(m) = 4*m**2 - 245*m + 214. What is x(62)?
400
Let s(m) = -7*m**2 + 1751*m - 18426. Calculate s(11).
-12
Let o(x) = 3339*x + 34773. Calculate o(-10).
1383
Let o(w) = -35396*w - 139648. Calculate o(-4).
1936
Let o(i) = 10*i**3 + 49*i**2 + 75*i + 208. Determine o(-4).
52
Let h(n) = -38*n - 2337. Give h(-83).
817
Let k(j) = 11618*j + 34917. Calculate k(-3).
63
Let i(l) = -2006956*l + 4013909. Give i(2).
-3
Let j(q) = 37*q**3 - 216*q**2 - 160*q + 753. Determine j(6).
9
Let h(n) = 4*n**3 - 178*n**2 + 99*n - 472. Calculate h(44).
12
Let q(m) = -m**3 + 3*m**2 - 2063*m + 10364. Determine q(5).
-1
Let h(i) = 1299*i - 7834. What is h(6)?
-40
Let i(t) = t**3 + 11*t**2 - 2251*t + 8802. Determine i(4).
38
Let q(r) = r**3 - 8*r**2 - 197*r - 21. Give q(-13).
-1009
Let y(b) = -516*b - 186275. Give y(-361).
1
Let d(b) = -11185*b + 525695. What is d(47)?
0
Let w(y) = y**3 + 50*y**2 + 1311*y + 69208. Determine w(-51).
-254
Let z(h) = h**3 + 71*h**2 - 3*h + 457. Determine z(-71).
67